 -4*j + 7 + 1 = 0. Suppose -j - 4 = 3*f. Calculate l(f).
4
Let b(o) = -o + 7. Let q be 2 - (-2 + -2 + 2). Let g(z) = -z**3 - 4*z**2 + 2*z + 1. Let d be g(-5). Suppose 0*h + d = -v - q*h, 5*h = -20. Determine b(v).
7
Let q(b) = -b**3 + b**2 - 1. Let g(p) = -5*p**2 - 57*p - 65. Let c(x) = -x**2 - 14*x - 16. Let t(h) = -9*c(h) + 2*g(h). Let v be t(13). Calculate q(v).
-1
Let d = -7 + 10. Let q = d - 4. Let m(g) = 3*g**3 + g**2. What is m(q)?
-2
Let o(b) = -145 + 142 - b**3 - 16*b - 9*b**2 - 8*b**2. Determine o(-16).
-3
Let l(w) = -6*w**2 - w**2 + 6*w + 4*w**2 + 4*w**2. Suppose 0 = -y + 3, y + 21 = -2*i + 4*y. Determine l(i).
0
Let h(c) = -8*c - 6. Let g(n) = 6*n + 5. Let a(x) = -7*g(x) - 6*h(x). Give a(-1).
-5
Let r be (-6)/4*12/(-18). Let h(c) = -6*c + 0*c - r + c. Calculate h(-1).
4
Let d(f) be the first derivative of f**2/2 + 8*f + 7. Suppose 2 = i - 0. Suppose 0 = 5*b + a, -i*a - a = 0. Give d(b).
8
Let q(j) = 0*j**3 - 4 + 2*j**2 + 1 + 4*j - j**3. Let m(n) = 2*n - 3. Let s be m(6). Suppose -4*k + s = -k. Give q(k).
0
Let u(l) = 5*l**2 + 9*l - 1. Let r(y) = 6*y**2 + 10*y - 1. Let t(f) = 4*r(f) - 5*u(f). Let g = 4 + -8. Calculate t(g).
5
Let w(b) be the second derivative of -5*b + 1/3*b**3 + 0*b**2 + 1/12*b**4 + 0. Give w(-1).
-1
Suppose -s = 3*s + 16, 0 = -3*q - 4*s - 70. Let a be 4/q - (-40)/18. Let y(c) = -c - a - c + 1. What is y(-5)?
9
Let z(j) = -2 - 1 - 8 + 3. Let a(d) be the third derivative of -d**4/24 - 7*d**3/6 + d**2. Let h(t) = 5*a(t) - 4*z(t). Determine h(-2).
7
Let j(c) = -c + 1. Let b(m) = -m**2 - 9*m + 11. Let v = -11 + 6. Let q(i) = v*j(i) + b(i). Suppose 7*n - 155 = 38*n. What is q(n)?
1
Let x be 8/(-3) + (-2)/6. Let y(i) be the third derivative of 0*i + 0 + 1/24*i**4 - 2*i**2 - 1/6*i**3. What is y(x)?
-4
Let h(w) = w**3 - 8*w**2 - 8*w - 12. Let j be h(9). Let b(c) = c + 4. Determine b(j).
1
Let x(i) = 5*i**3 - 5*i**2 - 17. Suppose -4*f + 2*f - 3*m = 22, f = 4*m. Let v(s) = 2*s**3 - 2*s**2 - 6. Let c(g) = f*v(g) + 3*x(g). Give c(0).
-3
Let q(t) = t**2 + 6*t + 3. Suppose -10 = -0*p + 2*p. What is q(p)?
-2
Let q = -3 - -2. Let d be 3*q*(-4)/6. Let l(o) = -o + 5. Let y(t) = -t + 1. Let p(h) = -l(h) + 4*y(h). Give p(d).
-7
Let s(v) = -v**2 + 2*v - 3. Let x be s(2). Let n(d) = -5*d**3 - 3*d**2 + d - 2. Let c(r) = r**3. Let z(q) = -4*c(q) - n(q). Determine z(x).
5
Let r = -14 + 20. Let f = 9 + 28. Suppose d = 2*n + 1, 4*n = d - r*d - f. Let h(p) = p**3 + 5*p**2 - 6. Determine h(d).
-6
Suppose 5*b - 5 - 1 = 2*q, -12 = -2*b - 4*q. Let j(h) = -1 - 32*h - 8 + 35*h + 7. Calculate j(b).
4
Let u(o) = -2*o**2 + 2*o + 1. Let d be 3 - (2 - -4*4). Let v = 14 + d. What is u(v)?
-3
Let n(t) = -3*t. Let v be -1 - 3/(3/1). Let x be n(v). Let i(r) = r**2 - 6*r. Calculate i(x).
0
Let t(d) = 2*d**3 - 3*d**2 + 5*d - 12. Let x(g) = -g**3 + g**2 - 2*g + 6. Let m(y) = -4*t(y) - 7*x(y). Suppose 2*n + 6 = -w + 2, -2*w - 3*n - 4 = 0. Give m(w).
-2
Suppose -18 = -0*f - 9*f. Let i(q) be the second derivative of 0 + 3/2*q**2 - f*q - 1/6*q**3. Determine i(4).
-1
Let s(i) = -2*i - 6. Let n(t) = t**2 - 5*t + 6. Let r be n(6). Suppose -4*y + 4*f + 67 = -y, 3*y - f - 55 = 0. Let x = r - y. Calculate s(x).
4
Let f(o) = 5*o + 3. Suppose 0 = 3*u - u - i + 9, -3*i + 23 = -4*u. Determine f(u).
-7
Suppose 4*t = -t. Let d(i) = t + 4 - 1 - i. Suppose 4 = 2*v + r + 3*r, v - 10 = 2*r. What is d(v)?
-3
Let x(r) = -2*r - 4. Suppose 0 = -2*m + 58 - 18. Suppose 4*j = -0*j - 3*a - 7, -4*a = -2*j - m. Determine x(j).
4
Let b(q) = -q + 4. Let f(s) = -s + 2. Let a be f(2). Calculate b(a).
4
Let q(x) be the second derivative of x**4/12 - 3*x**3/2 + 3*x**2 - 16*x. Calculate q(6).
-12
Let a(t) be the third derivative of -t**5/30 - t**4/12 - 24*t**2. Give a(-2).
-4
Let z = 3 - 1. Suppose -2*i + 3*i + z = 0, 0 = -u + 4*i + 6. Let h(t) be the first derivative of -2*t**3/3 - t**2 - 2*t + 2. Calculate h(u).
-6
Suppose 2 = -2*t - 2*g + 16, 0 = 2*g - 10. Suppose -6*d = -t*d. Let i(x) = -x**3 - x - 10. Give i(d).
-10
Let p(q) = -3*q**2 + q - 1. Let v(i) = -4*i**2 + i - 1. Let m(h) = 3*p(h) - 2*v(h). Calculate m(0).
-1
Let b = -4 + 10. Let f(d) = 2*d**2 + 5*d - 8. Let w(h) = 3*h**2 + 4*h - 9. Let g(o) = 4*f(o) - 3*w(o). Calculate g(b).
7
Let p(o) be the third derivative of 0*o - o**2 + 0 - 5/6*o**3 - 1/6*o**4. Let t(c) = 5*c + 1. Let m be t(-1). Give p(m).
11
Let g(v) = v + 3. Let w(s) = 4*s + 13. Let y(c) = -9*g(c) + 2*w(c). Calculate y(-3).
2
Let u be 1/((-2)/12 + (-189)/(-162)). Suppose 0 = t - 6 + 2. Let k(b) = 4*b - 2*b**2 - t*b + 1. Give k(u).
-1
Let h be -2 - (0 + 5) - -2. Let x(a) = -a**2 + 6*a - 4. Let o(b) = -6*b**2 + 30*b - 19. Let f(k) = -2*o(k) + 11*x(k). What is f(h)?
-11
Let i = -23 - -32. Suppose 2*u + u + i = 2*j, 0 = 5*u + 4*j + 37. Let s(h) = -2*h - 4. Calculate s(u).
6
Let t = -84 - -75. Let i(c) = -c - 7. Give i(t).
2
Let c(x) = -13 + 6 + x + 5. Determine c(-5).
-7
Let c(u) = -u + 1. Let m(b) = 5*b - 3*b - b**2 + 5*b - 3. Let l be m(6). Suppose 0*t - 2*t = -l*i + 7, -3*i + t + 8 = 0. Give c(i).
-2
Let j(w) be the second derivative of -w**4/6 - 5*w**3/6 - w**2 + 7*w. Determine j(-3).
-5
Let w(h) = -3*h**2 - 2*h + 1. Let s(o) = 5*o**2 + 1. Let k be s(1). Suppose -4*r + 0*r + k = -i, 3*i - 4*r + 18 = 0. Let x = -5 - i. Calculate w(x).
-4
Let r(d) = d**3 - 2*d**2 + d - 1. Let q be r(1). Let b(s) = 5*s**3 - 1. Let k be b(q). Let m = -4 - k. Let u(a) = a + 2. Give u(m).
4
Let o = -8 + 5. Let m(y) = 2*y**2 - 4*y - 1. Let t(c) = c**2 - 4*c - 2. Let g(x) = o*t(x) + 2*m(x). Let l be 6/4*-2 + 0. What is g(l)?
1
Suppose 0 = v - 0*v + 1. Let b(i) = i**2 - 2*i - 1. Calculate b(v).
2
Let j(i) = -i - 3. Let v(n) = 2*n**3 + 4*n**2 + 2*n - 2. Let x be v(-2). Let g = x - -6. Calculate j(g).
-3
Let l = 173 + -165. Let t(z) = z**3 - 7*z**2 - 7*z + 8. Calculate t(l).
16
Let u = -4 + 4. Suppose -2*t + 1 = -s, u = -0*t - t - s + 2. Let g(d) be the first derivative of -5*d**2 + 4. Calculate g(t).
-10
Let x be 8 + -9 + (-1)/(-1). Let l(r) = -r**2 - r + 2. Let c be l(x). Let i(g) = -2*g**2 + 2*g - 2. Give i(c).
-6
Let k(u) = -3 - 1 + 4 - 4 - 3*u**2 + 4*u**2 + 3*u. Let d be (-3)/(1*(-1)/(-1)). Calculate k(d).
-4
Let b(w) = w**3 - 7*w**2 + 7*w + 4. Suppose 5*r + 15 = 4*l - 9, 0 = 3*l + 2*r - 18. Calculate b(l).
10
Let c = -29 + 33. Suppose 2*f + 12 = -c*f. Let p(d) be the third derivative of -d**6/60 + d**4/8 + d**3/3 - d**2. What is p(f)?
12
Let v(c) = -196*c**2 + 197*c**2 + 17 - 6 - 5*c. Let x(m) = m**2 - 5*m + 12. Let n(q) = -6*v(q) + 5*x(q). Give n(5).
-6
Let q(s) = s + 6. Let h be 3/(2 + 19/(-8)). What is q(h)?
-2
Let i = -8 + 10. Let s(c) = -i + 1 + 2 + c**2. Give s(2).
5
Let y = -2 - -6. Let p(r) = 37 - 2*r**3 - 4*r**2 - 35 - 2*r + 3*r**3. What is p(y)?
-6
Let h(l) = 3*l + 9 - 10*l - 1 + l**2. Calculate h(6).
2
Let a(m) = -2*m**2 - 6*m - 4. Let h(u) = u**2 + u. Let k(s) = a(s) + 3*h(s). Suppose 2*n + 4 = 14. Suppose -12 = -n*q + 8. Determine k(q).
0
Let t(n) be the first derivative of -n**4/4 - 2*n**3 - n + 2. Let w(c) = -c**2 - 12*c - 6. Let r be w(-12). Give t(r).
-1
Suppose -28 = -4*j + 5*l, 0 = 3*j - 3*l - 3 - 18. Let t(k) = k**3 - 6*k**2 - 9*k + 8. Calculate t(j).
-6
Suppose 9 = 3*z - 3*g, -2*z + 3*z = -g - 5. Let x be 3 + (-3)/((-3)/z). Let h(f) = 4*f**2 + 3*f + 4 - 3*f**2 - 1 - 2*f**x. Give h(4).
-1
Let d be 3 - (4 - 4) - 1. Let w(y) be the third derivative of y**4/12 - y**2. What is w(d)?
4
Let j(y) = -6*y - 1 + y**3 + 3 + 5*y + y**2. Calculate j(0).
2
Let p(t) be the second derivative of -t**4/12 - t**3/6 + 3*t**2/2 + 7*t. Give p(0).
3
Let i(l) = -18*l**2 - 7*l**2 + 21*l**2. Suppose 2 = -5*t - 0*q - 3*q, -q - 1 = 2*t. Let u be (-1)/(-1)*(0 + t). What is i(u)?
-4
Let d(j) = j**2 - 4*j + 1. Let c be d(2). Let i(u) = 2*u + 3. What is i(c)?
-3
Let l(w) be the first derivative of 2*w + 6 - 1/3*w**3 + 2*w**2. Give l(4).
2
Let o be 606/(-24) + 1/4. Let m be (2/5)/(5/o). Let f(x) = x**3 + 2*x**2 - 2*x - 3. Give f(m).
1
Let h(y) = 8*y**3 - 7*y**2 + 3*y + 20. Let w(v) = -3*v**3 + 2*v**2 - v - 7. Let c(k) = 4*h(k) + 11*w(k). Determine c(-6).
-3
Let z(y) = y**2 - 6*y + 1. Let v be z(6). Let m(t) = 0 - v + 5*t + 5 - 1 - 2*t**2. Suppose -d + 4 = -0*d. Determine m(d).
-9
Let k(z) = -3 + 7*z**3 - 6*z**2 - 1 - 6*z**3 + 3*z - z. What is k(6)?
8
Suppose 0*v - 6 = -3*v. Let m(z) = 5 - z - z**2 - v - 